{"id":58,"date":"2020-01-20T13:29:44","date_gmt":"2020-01-20T10:29:44","guid":{"rendered":"http:\/\/www.projist.com.tr\/?page_id=58"},"modified":"2020-01-21T17:50:56","modified_gmt":"2020-01-21T14:50:56","slug":"kentsel-donusum","status":"publish","type":"page","link":"http:\/\/www.projist.com.tr\/?page_id=58","title":{"rendered":"Kentsel D\u00f6n\u00fc\u015f\u00fcm"},"content":{"rendered":"","protected":false},"excerpt":{"rendered":"","protected":false},"author":1,"featured_media":0,"parent":0,"menu_order":0,"comment_status":"closed","ping_status":"closed","template":"","meta":{"_et_pb_use_builder":"on","_et_pb_old_content":"","_et_gb_content_width":""},"_links":{"self":[{"href":"http:\/\/www.projist.com.tr\/index.php?rest_route=\/wp\/v2\/pages\/58"}],"collection":[{"href":"http:\/\/www.projist.com.tr\/index.php?rest_route=\/wp\/v2\/pages"}],"about":[{"href":"http:\/\/www.projist.com.tr\/index.php?rest_route=\/wp\/v2\/types\/page"}],"author":[{"embeddable":true,"href":"http:\/\/www.projist.com.tr\/index.php?rest_route=\/wp\/v2\/users\/1"}],"replies":[{"embeddable":true,"href":"http:\/\/www.projist.com.tr\/index.php?rest_route=%2Fwp%2Fv2%2Fcomments&post=58"}],"version-history":[{"count":4,"href":"http:\/\/www.projist.com.tr\/index.php?rest_route=\/wp\/v2\/pages\/58\/revisions"}],"predecessor-version":[{"id":363,"href":"http:\/\/www.projist.com.tr\/index.php?rest_route=\/wp\/v2\/pages\/58\/revisions\/363"}],"wp:attachment":[{"href":"http:\/\/www.projist.com.tr\/index.php?rest_route=%2Fwp%2Fv2%2Fmedia&parent=58"}],"curies":[{"name":"wp","href":"https:\/\/api.w.org\/{rel}","templated":true}]}}